{"id":3320,"date":"2019-09-24T19:31:22","date_gmt":"2019-09-24T17:31:22","guid":{"rendered":"https:\/\/gitim.eu\/it\/?page_id=3320"},"modified":"2023-07-11T23:33:59","modified_gmt":"2023-07-11T21:33:59","slug":"leopoldo-rigo","status":"publish","type":"page","link":"https:\/\/www.gitim.eu\/it\/leopoldo-rigo","title":{"rendered":"Leopoldo Rigo"},"content":{"rendered":"<div class=\"fusion-fullwidth fullwidth-box fusion-builder-row-1 nonhundred-percent-fullwidth non-hundred-percent-height-scrolling\" style=\"--awb-border-radius-top-left:0px;--awb-border-radius-top-right:0px;--awb-border-radius-bottom-right:0px;--awb-border-radius-bottom-left:0px;\" ><div class=\"fusion-builder-row fusion-row\"><div class=\"fusion-layout-column fusion_builder_column fusion-builder-column-0 fusion_builder_column_1_1 1_1 fusion-one-full fusion-column-first fusion-column-last fusion-column-inner-bg-wrapper\" style=\"--awb-padding-right:30px;--awb-padding-left:30px;--awb-inner-bg-size:cover;--awb-box-shadow: 1px 0px 0px #f2f2f2 inset;;--awb-margin-bottom:-60px;\"><span class=\"fusion-column-inner-bg hover-type-zoomin\"><span class=\"fusion-column-anchor\"><span class=\"fusion-column-inner-bg-image\"><\/span><\/span><\/span><div class=\"fusion-column-wrapper fusion-column-has-shadow fusion-flex-column-wrapper-legacy\"><div class=\"fusion-text fusion-text-1\"><p><img class=\"alignleft size-full wp-image-3377\" src=\"https:\/\/gitim.eu\/it\/wp-content\/uploads\/2019\/09\/leopoldo-rigo-mini.jpg\" alt=\"\" width=\"200\" height=\"208\" \/><\/p>\n<h3 style=\"text-align: justify;\"><b><i>Chi l\u2019ha conosciuto personalmente lo ricorda come psicologo vero, curatore dell\u2019anima. Chi pensa a lui nell\u2019ambito istituzionale gli rende merito di innovazioni in anticipo sui tempi e lo considera un ispiratore. Per lui l\u2019esperienza clinica e la ricerca si integravano a vicenda, continuamente e naturalmente.<\/i><\/b><\/h3>\n<p><strong>Leopoldo Rigo (Treviso, 17 aprile 1917 \u2013 Treviso, 28 agosto 1983)<\/strong> \u00e8 stato uno psicoterapeuta, uno studioso della psicologia clinica che <strong>ha dedicato la sua vita alla ricerca, alla cura delle persone<\/strong>, ma anche alla crescita psicologica e alla formazione di quanti fossero impegnati, in vario modo, in campo educativo e sociale. La sua attivit\u00e0 fu vasta e complessa, largamente apprezzata negli ambienti scientifici, scolastici, ma anche dai Pubblici Amministratori che in lui trovarono un ispiratore.<\/p>\n<p style=\"text-align: justify;\"><strong>L\u2019esperienza clinica e la ricerca<\/strong> proseguivano integrandosi continuamente e naturalmente, per Rigo. Chi l\u2019ha conosciuto personalmente lo ricorda come psicologo vero, curatore dell\u2019anima. I suoi scritti, numerosissimi (circa 160 articoli, tre libri di cui uno postumo), testimoniano la produttivit\u00e0 e l\u2019originalit\u00e0 della sua invenzione, ma anche <strong>una visione ampia e profonda dell\u2019essenza umana<\/strong>, a cui dedic\u00f2 riflessioni che spaziavano in vari campi: educativo, morale, filosofico, religioso.<\/p>\n<p>Nel campo strettamente psicoterapico <strong>\u00e8 l\u2019inventore di un metodo: l\u2019ITP<\/strong> (Tecnica Immaginativa di Analisi e ristrutturazione del Profondo), che continua ad essere insegnato e praticato da psicologi che operano in ambito pubblico e privato. Chi pensa a lui nell\u2019ambito istituzionale gli rende merito di<strong> innovazioni in anticipo sui tempi<\/strong>.<\/p>\n<p>Ha operato a Treviso, ma era conosciuto in Italia e all\u2019estero. Dal 1946 \u00e8 educatore e terapeuta di ragazzi disadattati e conduce un\u2019esperienza psicopedagogia innovativa, di cui riferisce nei suoi scritti. Dal 1948 insegna a Venezia presso la Scuola di Servizio Sociale, dove <strong>fa conoscere, tra i primi in Italia, la Psicologia del Profondo.<\/strong><\/p>\n<p><strong>Dirige successivamente il CMPP<\/strong> (Centro Medico Psico Pedagogico) dell\u2019ENPMF, (Ente Nazionale Protezione Morale del Fanciullo) dove introduce la Psicologia Clinica e la Psicoterapia. Dal 1964 \u00e8 direttore del CMPP della provincia di Treviso, dove d\u00e0 vita ad un\u2019esperienza feconda con i collaboratori che lui stesso prepara ad un metodo rigoroso.<\/p>\n<p>Introduce la psicoterapia in ambito pubblico; <strong>per lui era un valore poter offrire gratuitamente a chi ne aveva bisogno questa prestazione professionale.<\/strong><\/p>\n<p>Interviene nella riorganizzazione degli Istituti Provinciali e delle classi Speciali; muta radicalmente i metodi dei tradizionali brefotrofi inventando i gruppi-famiglia capaci di vita autonoma. <strong>Guida con la sua conoscenza la definizione della nascente USL<\/strong> (Unit\u00e0 Sanitaria Locale) nel 1980 a Treviso. Grazie a lui e a chi ha saputo capirlo i servizi assistenziali sono stati pi\u00f9 umani e rispondenti ai bisogni reali.<\/p>\n<p><strong>Rigo era anche e soprattutto uno studioso<\/strong>. Sin dagli anni 50 orienta i suoi studi e la sua esperienza clinica attorno all\u2019uso di un processo mentale diverso: l\u2019Imagerie Mentale. Conosce ed \u00e8 tra i primi a far conoscere Robert Desoille e cerca contatti in Francia, dove trova rispondenza nell\u2019Imagerie Mentale di Fretigny e Virel. <strong>\u00c8\u00a0a lungo vicepresidente della SITIM<\/strong> (Societ\u00e9 Internationale des Tecniques d\u2019Imagerie Mentale), ma definisce un suo personale metodo, l\u2019ITP, sin dal 1962 e <strong>nel 1964 fonda il GITIM<\/strong> (Gruppo Italiano Tecniche Imagerie Mentale), che da allora ha lo scopo di diffondere questa tecnica. La sua competenza e preparazione \u00e8 riconosciuta.<\/p>\n<p><strong>Diviene membro di importanti Societ\u00e0<\/strong> (<strong>Societ\u00e0 Italiana di Psicologia Scientifica, Societ\u00e0 Italiana di Neuropsichiatria Infantile e altre Societ\u00e0 di lingua francese<\/strong>). Illustra il suo metodo in numerosi Convegni e presso Sedi Universitarie a Milano, Torino e Roma. <strong>La sua biografia \u00e8 stata inserita nelle enciclopedie biografiche internazionali<\/strong> (Who\u2019s who in the world 1977-78-79, Dictionary on International Biography 1979 e International Who\u2019s Who of Intellectuals 1981).<\/p>\n<\/div><div class=\"fusion-clearfix\"><\/div><\/div><\/div><\/div><\/div>\n","protected":false},"excerpt":{"rendered":"","protected":false},"author":7,"featured_media":0,"parent":0,"menu_order":3,"comment_status":"closed","ping_status":"closed","template":"","meta":[],"_links":{"self":[{"href":"https:\/\/www.gitim.eu\/it\/wp-json\/wp\/v2\/pages\/3320"}],"collection":[{"href":"https:\/\/www.gitim.eu\/it\/wp-json\/wp\/v2\/pages"}],"about":[{"href":"https:\/\/www.gitim.eu\/it\/wp-json\/wp\/v2\/types\/page"}],"author":[{"embeddable":true,"href":"https:\/\/www.gitim.eu\/it\/wp-json\/wp\/v2\/users\/7"}],"replies":[{"embeddable":true,"href":"https:\/\/www.gitim.eu\/it\/wp-json\/wp\/v2\/comments?post=3320"}],"version-history":[{"count":11,"href":"https:\/\/www.gitim.eu\/it\/wp-json\/wp\/v2\/pages\/3320\/revisions"}],"predecessor-version":[{"id":4460,"href":"https:\/\/www.gitim.eu\/it\/wp-json\/wp\/v2\/pages\/3320\/revisions\/4460"}],"wp:attachment":[{"href":"https:\/\/www.gitim.eu\/it\/wp-json\/wp\/v2\/media?parent=3320"}],"curies":[{"name":"wp","href":"https:\/\/api.w.org\/{rel}","templated":true}]}}

<div class="fusion-fullwidth fullwidth-box fusion-builder-row-1 nonhundred-percent-fullwidth non-hundred-percent-height-scrolling" style="--awb-border-radius-top-left:0px;--awb-border-radius-top-right:0px;--awb-border-radius-bottom-right:0px;--awb-border-radius-bottom-left:0px;" ><div class="fusion-builder-row fusion-row"><div class="fusion-layout-column fusion_builder_column fusion-builder-column-0 fusion_builder_column_1_1 1_1 fusion-one-full fusion-column-first fusion-column-last fusion-column-inner-bg-wrapper" style="--awb-padding-right:30px;--awb-padding-left:30px;--awb-inner-bg-size:cover;--awb-box-shadow: 1px 0px 0px #f2f2f2 inset;;--awb-margin-bottom:-60px;"><span class="fusion-column-inner-bg hover-type-zoomin"><span class="fusion-column-anchor"><span class="fusion-column-inner-bg-image"></span></span></span><div class="fusion-column-wrapper fusion-column-has-shadow fusion-flex-column-wrapper-legacy"><div class="fusion-text fusion-text-1"><p><img class="alignleft size-full wp-image-3377" src="https://gitim.eu/it/wp-content/uploads/2019/09/leopoldo-rigo-mini.jpg" alt="" width="200" height="208" /></p>
<h3 style="text-align: justify;"><b><i>Chi l’ha conosciuto personalmente lo ricorda come psicologo vero, curatore dell’anima. Chi pensa a lui nell’ambito istituzionale gli rende merito di innovazioni in anticipo sui tempi e lo considera un ispiratore. Per lui l’esperienza clinica e la ricerca si integravano a vicenda, continuamente e naturalmente.</i></b></h3>
<p><strong>Leopoldo Rigo (Treviso, 17 aprile 1917 – Treviso, 28 agosto 1983)</strong> è stato uno psicoterapeuta, uno studioso della psicologia clinica che <strong>ha dedicato la sua vita alla ricerca, alla cura delle persone</strong>, ma anche alla crescita psicologica e alla formazione di quanti fossero impegnati, in vario modo, in campo educativo e sociale. La sua attività fu vasta e complessa, largamente apprezzata negli ambienti scientifici, scolastici, ma anche dai Pubblici Amministratori che in lui trovarono un ispiratore.</p>
<p style="text-align: justify;"><strong>L’esperienza clinica e la ricerca</strong> proseguivano integrandosi continuamente e naturalmente, per Rigo. Chi l’ha conosciuto personalmente lo ricorda come psicologo vero, curatore dell’anima. I suoi scritti, numerosissimi (circa 160 articoli, tre libri di cui uno postumo), testimoniano la produttività e l’originalità della sua invenzione, ma anche <strong>una visione ampia e profonda dell’essenza umana</strong>, a cui dedicò riflessioni che spaziavano in vari campi: educativo, morale, filosofico, religioso.</p>
<p>Nel campo strettamente psicoterapico <strong>è l’inventore di un metodo: l’ITP</strong> (Tecnica Immaginativa di Analisi e ristrutturazione del Profondo), che continua ad essere insegnato e praticato da psicologi che operano in ambito pubblico e privato. Chi pensa a lui nell’ambito istituzionale gli rende merito di<strong> innovazioni in anticipo sui tempi</strong>.</p>
<p>Ha operato a Treviso, ma era conosciuto in Italia e all’estero. Dal 1946 è educatore e terapeuta di ragazzi disadattati e conduce un’esperienza psicopedagogia innovativa, di cui riferisce nei suoi scritti. Dal 1948 insegna a Venezia presso la Scuola di Servizio Sociale, dove <strong>fa conoscere, tra i primi in Italia, la Psicologia del Profondo.</strong></p>
<p><strong>Dirige successivamente il CMPP</strong> (Centro Medico Psico Pedagogico) dell’ENPMF, (Ente Nazionale Protezione Morale del Fanciullo) dove introduce la Psicologia Clinica e la Psicoterapia. Dal 1964 è direttore del CMPP della provincia di Treviso, dove dà vita ad un’esperienza feconda con i collaboratori che lui stesso prepara ad un metodo rigoroso.</p>
<p>Introduce la psicoterapia in ambito pubblico; <strong>per lui era un valore poter offrire gratuitamente a chi ne aveva bisogno questa prestazione professionale.</strong></p>
<p>Interviene nella riorganizzazione degli Istituti Provinciali e delle classi Speciali; muta radicalmente i metodi dei tradizionali brefotrofi inventando i gruppi-famiglia capaci di vita autonoma. <strong>Guida con la sua conoscenza la definizione della nascente USL</strong> (Unità Sanitaria Locale) nel 1980 a Treviso. Grazie a lui e a chi ha saputo capirlo i servizi assistenziali sono stati più umani e rispondenti ai bisogni reali.</p>
<p><strong>Rigo era anche e soprattutto uno studioso</strong>. Sin dagli anni 50 orienta i suoi studi e la sua esperienza clinica attorno all’uso di un processo mentale diverso: l’Imagerie Mentale. Conosce ed è tra i primi a far conoscere Robert Desoille e cerca contatti in Francia, dove trova rispondenza nell’Imagerie Mentale di Fretigny e Virel. <strong>È a lungo vicepresidente della SITIM</strong> (Societé Internationale des Tecniques d’Imagerie Mentale), ma definisce un suo personale metodo, l’ITP, sin dal 1962 e <strong>nel 1964 fonda il GITIM</strong> (Gruppo Italiano Tecniche Imagerie Mentale), che da allora ha lo scopo di diffondere questa tecnica. La sua competenza e preparazione è riconosciuta.</p>
<p><strong>Diviene membro di importanti Società</strong> (<strong>Società Italiana di Psicologia Scientifica, Società Italiana di Neuropsichiatria Infantile e altre Società di lingua francese</strong>). Illustra il suo metodo in numerosi Convegni e presso Sedi Universitarie a Milano, Torino e Roma. <strong>La sua biografia è stata inserita nelle enciclopedie biografiche internazionali</strong> (Who’s who in the world 1977-78-79, Dictionary on International Biography 1979 e International Who’s Who of Intellectuals 1981).</p>
</div><div class="fusion-clearfix"></div></div></div></div></div>
