{"id":3324,"date":"2019-09-24T19:33:19","date_gmt":"2019-09-24T17:33:19","guid":{"rendered":"https:\/\/gitim.eu\/it\/?page_id=3324"},"modified":"2024-02-05T00:04:42","modified_gmt":"2024-02-04T23:04:42","slug":"attivita","status":"publish","type":"page","link":"https:\/\/www.gitim.eu\/it\/il-gitim\/attivita","title":{"rendered":"Attivit\u00e0"},"content":{"rendered":"<h3>Presentazioni recenti accessibili online<\/h3>\n<p><span style=\"color: #0000ff;\"><a style=\"color: #0000ff;\" href=\"https:\/\/formazionecontinuainpsicologia.it\/corso\/la-tecnica-itp-in-psicoterapia\/\" target=\"_blank\" rel=\"noopener\">La Tecnica ITP in Psicoterapia<\/a> <span style=\"color: #000000;\">Corso gratuito, presso FCP<\/span><\/span><\/p>\n<p><a href=\"https:\/\/formazionecontinuainpsicologia.it\/corso\/il-rilassamento-nella-tecnica-itp\/\" target=\"_blank\" rel=\"noopener\"><span style=\"color: #0000ff;\">Il\u00a0 Rilassamento nella Tecnica ITP <\/span><\/a>\u00a0Corso gratuito, presso FCP<\/p>\n<p><a href=\"https:\/\/www.youtube.com\/watch?v=KzFK38KjUqE\" target=\"_blank\" rel=\"noopener\"><span style=\"color: #0000ff;\">Presentazione del libro \u201cPsicoterapia dell\u2019Immagine\u201d<\/span><\/a> di Leopoldo Rigo, presso LA STANZA DEI LIBRI<\/p>\n<p>Intervista alla dott.ssa Ivana Zanetti <a href=\"\/\/www.psicologia-psicoterapia.it\/intervista\/gitim-ivana-zanetti-psicoterapia-immaginativa-itp.html\" target=\"_blank\" rel=\"noopener\"><span style=\"color: #0000ff;\">psicoterapia immaginativa ITP (Leopoldo Rigo) e immagine corporea nella scuola GITIM<\/span><\/a> e <a href=\"http:\/\/www.psicologia-psicoterapia.it\/articoli-psicoterapia\/gitim-tecnica-immaginativa-profondo.html\" target=\"_blank\" rel=\"noopener\"><span style=\"color: #0000ff;\">nota sulla Tecnica ITP<\/span><\/a><\/p>\n<p><a href=\"https:\/\/www.youtube.com\/watch?v=58whDu6DaKc\" target=\"_blank\" rel=\"noopener\"><span style=\"color: #0000ff;\">Il viaggio di Dante: un percorso trasformativo<\/span><\/a>\u00a0 &#8211; Societ\u00e0 Dante Alighieri, a cura di Ivana Zanetti<\/p>\n<p><a href=\"https:\/\/www.youtube.com\/watch?v=58whDu6DaKc\" target=\"_blank\" rel=\"noopener\"><span style=\"color: #0000ff;\">Immagine e Sogno in Dante<\/span><\/a> &#8211; Societ\u00e0 Dante Alighieri, a cura di Ivana Zanetti<\/p>\n<p>DanteDI&#8217; 2022 &#8211; <a href=\"https:\/\/www.youtube.com\/watch?v=EIBPCngHqH8\" target=\"_blank\" rel=\"noopener\"><span style=\"color: #0000ff;\">Claudio Widmann:&#8221;La Divina Commedia come percorso di vita&#8221;<\/span><\/a> &#8211; a cura di Ivana Zanetti<\/p>\n<p>&nbsp;<\/p>\n<hr \/>\n<h3>Iniziative culturali successive al riconoscimento ministeriale della Scuola di Psicoterapia ITP (2003)<\/h3>\n<p><img class=\"aligncenter wp-image-4001 size-full\" src=\"https:\/\/gitim.eu\/it\/wp-content\/uploads\/2022\/05\/foto-gitim.jpg\" alt=\"\" width=\"603\" height=\"292\" srcset=\"https:\/\/www.gitim.eu\/it\/wp-content\/uploads\/2022\/05\/foto-gitim-200x97.jpg 200w, https:\/\/www.gitim.eu\/it\/wp-content\/uploads\/2022\/05\/foto-gitim-300x145.jpg 300w, https:\/\/www.gitim.eu\/it\/wp-content\/uploads\/2022\/05\/foto-gitim-400x194.jpg 400w, https:\/\/www.gitim.eu\/it\/wp-content\/uploads\/2022\/05\/foto-gitim-600x291.jpg 600w, https:\/\/www.gitim.eu\/it\/wp-content\/uploads\/2022\/05\/foto-gitim.jpg 603w\" sizes=\"(max-width: 603px) 100vw, 603px\" \/><\/p>\n<p>Il <strong>Gruppo GITIM<\/strong> ha sempre mantenuto un\u2019attivit\u00e0 di autoaggiornamento e supervisione in incontri a cadenza mensile, relative ai casi clinici dei membri del gruppo. Tale attivit\u00e0 riguarda sia la Psicodiagnosi che la Psicoterapia\u00a0con le Tecniche Immaginative.<\/p>\n<p>Tra i principali temi di approfondimento, vengono trattati nuovi approcci e strumenti psicodiagnostici, aggiornamenti sull\u2019Interpretazione del Test di Rorschach, aggiornamenti sulle tecniche di rilassamento, la verifica degli effetti della psicoterapia.<\/p>\n<p>Il <strong>GITIM<\/strong> cura l\u2019organizzazione di numerosi eventi formativi aperti al pubblico (normalmente con crediti ECM) e approfondisce al suo interno le tematiche in questi affrontate. Ulteriori dettagli sono reperibili nell\u2019elenco delle <a href=\"https:\/\/gitim.eu\/it\/pubblicazioni\"><strong>pubblicazioni<\/strong><\/a> e degli <a href=\"https:\/\/gitim.eu\/it\/eventi-corsi-e-seminari\"><strong>eventi<\/strong><\/a>.<\/p>\n<p>Il\u00a0<strong>GITIM<\/strong>\u00a0ha avuto negli anni intensi rapporti con l\u2019Universit\u00e9 de Savoie-Chamb\u00e9ry, con il\u00a0 prof. Jean Burgos, per alcuni anni Rettore della stessa Universit\u00e0, esperto dei processi della creazione, e con il prof Jean-Marie Barthelemy, docente di psicopatologia presso la medesima Universit\u00e0; con loro, nel corso di numerosi seminari si sono approfondite le tematiche dell\u2019Immaginario e dei Processi della Creazione. Vi sono stati anche collegamenti con l\u2019Universit\u00e0 di Torino, attraverso i numerosi interventi presso la Scuola della professoressa Tilde Giani Gallino. Hanno partecipato all\u2019attivit\u00e0 formativa docenti dell\u2019Universit\u00e0 di Padova, come Giuseppe Sartori e Paolo Michielin.<\/p>\n<p>Alcuni seminari sono stati organizzati in <strong>collaborazione con realt\u00e0 locali<\/strong>, come l\u2019ULSS 2, l\u2019ADVAR, la Societ\u00e0 Dante Alighieri (Comitato di Treviso) e il gruppo Demetra.<\/p>\n<p>Presso la <strong>Scuola di Psicoterapia del\u00a0GITIM<\/strong><strong>\u00a0<\/strong>opera come docente la professoressa Giorgia Don\u00e0, della University of East London (UK). La professoressa Laura Parolin, dell\u2019Universit\u00e0 di Milano Bicocca, \u00e8 attualmente Garante della Scuola di Psicoterapia ITP. Hanno partecipato a vari seminari docenti di altri indirizzi psicoterapeutici, a completamento della formazione data dalla Scuola stessa (Terapia Familiare, Terapia Cognitivo-Comportamentale, Psicoanalisi, Terapia Analitica Junghiana).<\/p>\n<p>Si \u00e8 stabilito un collegamento con il Gruppo che pratica la <strong>tecnica immaginativa<\/strong> del \u201cVissuto Immaginativo Catatimico o VIC\u201d di Hanscarl Leuner.<\/p>\n<p>Recentemente si sono realizzate <strong>presentazioni e collegamenti<\/strong> con FCP \u2013 Formazione Continua in Psicologia, Psicologia.io, CSCP \u2013 Centro Studi per la Cultura Psicologica, CIPA &#8211; Centro Italiano Psicologia Analitica (sede Italia Meridionale), Societ\u00e0 Dante Alighieri (Comitato di Treviso), Psicologia-Psicoterapia.it, e con il prof. Alfredo Anania (psicologia-dinamica.it).<\/p>\n<p>&nbsp;<\/p>\n<hr \/>\n<h3>Iniziative culturali dai primi anni fino al riconoscimento ministeriale della Scuola di Psicoterapia ITP (2003)<\/h3>\n<p><img class=\"aligncenter wp-image-4687\" src=\"https:\/\/gitim.eu\/it\/wp-content\/uploads\/2023\/12\/foto-gitim-1985.jpg\" alt=\"\" width=\"600\" height=\"370\" srcset=\"https:\/\/www.gitim.eu\/it\/wp-content\/uploads\/2023\/12\/foto-gitim-1985-200x123.jpg 200w, https:\/\/www.gitim.eu\/it\/wp-content\/uploads\/2023\/12\/foto-gitim-1985-300x185.jpg 300w, https:\/\/www.gitim.eu\/it\/wp-content\/uploads\/2023\/12\/foto-gitim-1985-400x247.jpg 400w, https:\/\/www.gitim.eu\/it\/wp-content\/uploads\/2023\/12\/foto-gitim-1985-600x370.jpg 600w, https:\/\/www.gitim.eu\/it\/wp-content\/uploads\/2023\/12\/foto-gitim-1985-768x474.jpg 768w, https:\/\/www.gitim.eu\/it\/wp-content\/uploads\/2023\/12\/foto-gitim-1985-800x493.jpg 800w, https:\/\/www.gitim.eu\/it\/wp-content\/uploads\/2023\/12\/foto-gitim-1985.jpg 856w\" sizes=\"(max-width: 600px) 100vw, 600px\" \/><\/p>\n<ul>\n<li>pubblicazione di opere e di numerosi articoli da parte di Leopoldo Rigo e di altri membri dell\u2019associazione;<\/li>\n<li>organizzazione e partecipazione a convegni SITIM;<\/li>\n<li>organizzazione di incontri GITIM di studio sugli aspetti teorici e pratici dell\u2019Imagerie Mentale;<\/li>\n<li>organizzazione di vari convegni e seminari di studio, con docenti di Universit\u00e0 italiane e francesi;<\/li>\n<li>pubblicazione di atti di Seminari<\/li>\n<\/ul>\n<p>Le attivit\u00e0 di ricerca sono state rivolte alla messa a punto del metodo ITP. I principali temi affrontati sono stati:<\/p>\n<ul>\n<li>la struttura dinamica della personalit\u00e0 attraverso la psicoterapia con il RED e con l\u2019ITP;<\/li>\n<li>il RED diagnostico e il Rorschach;<\/li>\n<li>la psicoterapia dell\u2019et\u00e0 evolutiva;<\/li>\n<li>la psicoterapia dei borderline e delle psicosi latenti;<\/li>\n<li>l\u2019Imagerie di gruppo;<\/li>\n<li>le tecniche derivate dell\u2019ITP;<\/li>\n<li>i rapporti tra psicologia e pedagogia;<\/li>\n<li>l\u2019Immagine del Corpo (storia dell\u2019IdC: le sensazioni, la sensazione e il movimento; disturbi dell\u2019IdC, sia in et\u00e0 evolutiva che in et\u00e0 adulta; IdC e psicoterapia con la tecnica ITP; IdC e tecniche esplorative della personalit\u00e0, in particolare il Test di Rorschach);<\/li>\n<li>l\u2019Immaginario nella relazione madre-bambino (Immaginario materno e Immaginario infantile);<\/li>\n<li>Immaginario e processi della Creazione (Immaginario nella produzione artistica; confronti tra processi della Creazione e Immaginario individuale);<\/li>\n<li>Immaginario e ruoli familiari.<\/li>\n<\/ul>\n<p>Ulteriori dettagli sono reperibili nell\u2019elenco delle <a href=\"https:\/\/gitim.eu\/it\/pubblicazioni\"><strong>pubblicazioni<\/strong><\/a> e degli <a href=\"https:\/\/gitim.eu\/it\/eventi-corsi-e-seminari\"><strong>eventi<\/strong><\/a>.<\/p>\n<p>Il <strong>GITIM<\/strong> ha stabilito fin dalla sua fondazione rapporti internazionali con i gruppi del SITIM. Il <strong>GITIM<\/strong> ha partecipato al XIII Congresso Internazionale di Psicoterapia, tenutosi ad Opatijia (Slovenia), con un proprio Simposio \u201cLa Psicoterapia secondo l\u2019ITP di Leopoldo Rigo\u201d ed ha partecipato con contributi al Simposio \u201cPsycotherapy, Imaginary and Anthropology\u201d. Ha organizzato, inoltre, il VI Incontro Internazionale SITIM a Torino nel Giugno 1987.<\/p>\n<p>Ha stabilito fin dal 1986 collegamenti con il CRIC (Centro di Ricerca su Immaginario e Creazione) presso l\u2019Universit\u00e0 di Chambery, Savoia, diretto da Jean Burgos, Docente di Lingua e Letteratura Francese e all\u2019epoca Rettore. Tale collaborazione \u00e8 stata perfezionata da una Convenzione nel Luglio del 1994, implicante un lavoro di ricerca, di organizzazione di seminari e pubblicazioni comuni. Tale collegamento si \u00e8 concretizzato in vari seminari di studio organizzati dal GITIM. Tra gli argomenti trattati: \u201cL\u2019immaginario creativo\u201d, \u201cLo spazio e l\u2019immagine\u201d, \u201cL\u2019immagine del corpo\u201d, \u201cImmaginario e colore\u201d, \u201cStoria dell\u2019immagine del corpo\u201d.<\/p>\n<p>Sono stati stabiliti collegamenti con la Facolt\u00e0 di Psicologia di Torino &#8211; Dipartimento di Psicologia dell\u2019Et\u00e0 Evolutiva, con la docente prof. Tilde Giani Gallino. Sono stati organizzati seminari di studio con la partecipazione della suddetta docente.<\/p>\n<p>Il <strong>GITIM<\/strong> ha inoltre realizzato collegamenti con la facolt\u00e0 di Magistero dell\u2019Universit\u00e0 di Lecce, con il docente prof. Caggia. Co lui \u00e8 stato organizzato a Torino un convegno unitario di Imagerie Mentale e Psicologia Imaginale; la dott.ssa Rigo ha tenuto conferenze sul metodo ITP presso l\u2019Istituto di Psicologia Imaginale dell\u2019Universit\u00e0 di Lecce.<\/p>\n<p style=\"text-align: justify; margin: 0cm 0cm 6.0pt 0cm;\">\n","protected":false},"excerpt":{"rendered":"<p>Presentazioni recenti accessibili online La Tecnica ITP in Psicoterapia Corso gratuito, presso FCP Il\u00a0 Rilassamento nella Tecnica ITP \u00a0Corso gratuito, presso FCP Presentazione del libro \u201cPsicoterapia dell\u2019Immagine\u201d di Leopoldo Rigo, presso LA STANZA DEI LIBRI Intervista alla dott.ssa Ivana Zanetti psicoterapia immaginativa ITP (Leopoldo Rigo) e immagine corporea nella scuola [&hellip;]<\/p>\n","protected":false},"author":7,"featured_media":0,"parent":3315,"menu_order":4,"comment_status":"closed","ping_status":"closed","template":"","meta":[],"_links":{"self":[{"href":"https:\/\/www.gitim.eu\/it\/wp-json\/wp\/v2\/pages\/3324"}],"collection":[{"href":"https:\/\/www.gitim.eu\/it\/wp-json\/wp\/v2\/pages"}],"about":[{"href":"https:\/\/www.gitim.eu\/it\/wp-json\/wp\/v2\/types\/page"}],"author":[{"embeddable":true,"href":"https:\/\/www.gitim.eu\/it\/wp-json\/wp\/v2\/users\/7"}],"replies":[{"embeddable":true,"href":"https:\/\/www.gitim.eu\/it\/wp-json\/wp\/v2\/comments?post=3324"}],"version-history":[{"count":26,"href":"https:\/\/www.gitim.eu\/it\/wp-json\/wp\/v2\/pages\/3324\/revisions"}],"predecessor-version":[{"id":4803,"href":"https:\/\/www.gitim.eu\/it\/wp-json\/wp\/v2\/pages\/3324\/revisions\/4803"}],"up":[{"embeddable":true,"href":"https:\/\/www.gitim.eu\/it\/wp-json\/wp\/v2\/pages\/3315"}],"wp:attachment":[{"href":"https:\/\/www.gitim.eu\/it\/wp-json\/wp\/v2\/media?parent=3324"}],"curies":[{"name":"wp","href":"https:\/\/api.w.org\/{rel}","templated":true}]}}

Attività

<h3>Presentazioni recenti accessibili online</h3>
<p><span style="color: #0000ff;"><a style="color: #0000ff;" href="https://formazionecontinuainpsicologia.it/corso/la-tecnica-itp-in-psicoterapia/" target="_blank" rel="noopener">La Tecnica ITP in Psicoterapia</a> <span style="color: #000000;">Corso gratuito, presso FCP</span></span></p>
<p><a href="https://formazionecontinuainpsicologia.it/corso/il-rilassamento-nella-tecnica-itp/" target="_blank" rel="noopener"><span style="color: #0000ff;">Il  Rilassamento nella Tecnica ITP </span></a> Corso gratuito, presso FCP</p>
<p><a href="https://www.youtube.com/watch?v=KzFK38KjUqE" target="_blank" rel="noopener"><span style="color: #0000ff;">Presentazione del libro “Psicoterapia dell’Immagine”</span></a> di Leopoldo Rigo, presso LA STANZA DEI LIBRI</p>
<p>Intervista alla dott.ssa Ivana Zanetti <a href="//www.psicologia-psicoterapia.it/intervista/gitim-ivana-zanetti-psicoterapia-immaginativa-itp.html" target="_blank" rel="noopener"><span style="color: #0000ff;">psicoterapia immaginativa ITP (Leopoldo Rigo) e immagine corporea nella scuola GITIM</span></a> e <a href="http://www.psicologia-psicoterapia.it/articoli-psicoterapia/gitim-tecnica-immaginativa-profondo.html" target="_blank" rel="noopener"><span style="color: #0000ff;">nota sulla Tecnica ITP</span></a></p>
<p><a href="https://www.youtube.com/watch?v=58whDu6DaKc" target="_blank" rel="noopener"><span style="color: #0000ff;">Il viaggio di Dante: un percorso trasformativo</span></a>  &#8211; Società Dante Alighieri, a cura di Ivana Zanetti</p>
<p><a href="https://www.youtube.com/watch?v=58whDu6DaKc" target="_blank" rel="noopener"><span style="color: #0000ff;">Immagine e Sogno in Dante</span></a> &#8211; Società Dante Alighieri, a cura di Ivana Zanetti</p>
<p>DanteDI&#8217; 2022 &#8211; <a href="https://www.youtube.com/watch?v=EIBPCngHqH8" target="_blank" rel="noopener"><span style="color: #0000ff;">Claudio Widmann:&#8221;La Divina Commedia come percorso di vita&#8221;</span></a> &#8211; a cura di Ivana Zanetti</p>
<p>&nbsp;</p>
<hr />
<h3>Iniziative culturali successive al riconoscimento ministeriale della Scuola di Psicoterapia ITP (2003)</h3>
<p><img class="aligncenter wp-image-4001 size-full" src="https://gitim.eu/it/wp-content/uploads/2022/05/foto-gitim.jpg" alt="" width="603" height="292" srcset="https://www.gitim.eu/it/wp-content/uploads/2022/05/foto-gitim-200x97.jpg 200w, https://www.gitim.eu/it/wp-content/uploads/2022/05/foto-gitim-300x145.jpg 300w, https://www.gitim.eu/it/wp-content/uploads/2022/05/foto-gitim-400x194.jpg 400w, https://www.gitim.eu/it/wp-content/uploads/2022/05/foto-gitim-600x291.jpg 600w, https://www.gitim.eu/it/wp-content/uploads/2022/05/foto-gitim.jpg 603w" sizes="(max-width: 603px) 100vw, 603px" /></p>
<p>Il <strong>Gruppo GITIM</strong> ha sempre mantenuto un’attività di autoaggiornamento e supervisione in incontri a cadenza mensile, relative ai casi clinici dei membri del gruppo. Tale attività riguarda sia la Psicodiagnosi che la Psicoterapia con le Tecniche Immaginative.</p>
<p>Tra i principali temi di approfondimento, vengono trattati nuovi approcci e strumenti psicodiagnostici, aggiornamenti sull’Interpretazione del Test di Rorschach, aggiornamenti sulle tecniche di rilassamento, la verifica degli effetti della psicoterapia.</p>
<p>Il <strong>GITIM</strong> cura l’organizzazione di numerosi eventi formativi aperti al pubblico (normalmente con crediti ECM) e approfondisce al suo interno le tematiche in questi affrontate. Ulteriori dettagli sono reperibili nell’elenco delle <a href="https://gitim.eu/it/pubblicazioni"><strong>pubblicazioni</strong></a> e degli <a href="https://gitim.eu/it/eventi-corsi-e-seminari"><strong>eventi</strong></a>.</p>
<p>Il <strong>GITIM</strong> ha avuto negli anni intensi rapporti con l’Université de Savoie-Chambéry, con il  prof. Jean Burgos, per alcuni anni Rettore della stessa Università, esperto dei processi della creazione, e con il prof Jean-Marie Barthelemy, docente di psicopatologia presso la medesima Università; con loro, nel corso di numerosi seminari si sono approfondite le tematiche dell’Immaginario e dei Processi della Creazione. Vi sono stati anche collegamenti con l’Università di Torino, attraverso i numerosi interventi presso la Scuola della professoressa Tilde Giani Gallino. Hanno partecipato all’attività formativa docenti dell’Università di Padova, come Giuseppe Sartori e Paolo Michielin.</p>
<p>Alcuni seminari sono stati organizzati in <strong>collaborazione con realtà locali</strong>, come l’ULSS 2, l’ADVAR, la Società Dante Alighieri (Comitato di Treviso) e il gruppo Demetra.</p>
<p>Presso la <strong>Scuola di Psicoterapia del GITIM</strong><strong> </strong>opera come docente la professoressa Giorgia Donà, della University of East London (UK). La professoressa Laura Parolin, dell’Università di Milano Bicocca, è attualmente Garante della Scuola di Psicoterapia ITP. Hanno partecipato a vari seminari docenti di altri indirizzi psicoterapeutici, a completamento della formazione data dalla Scuola stessa (Terapia Familiare, Terapia Cognitivo-Comportamentale, Psicoanalisi, Terapia Analitica Junghiana).</p>
<p>Si è stabilito un collegamento con il Gruppo che pratica la <strong>tecnica immaginativa</strong> del “Vissuto Immaginativo Catatimico o VIC” di Hanscarl Leuner.</p>
<p>Recentemente si sono realizzate <strong>presentazioni e collegamenti</strong> con FCP – Formazione Continua in Psicologia, Psicologia.io, CSCP – Centro Studi per la Cultura Psicologica, CIPA &#8211; Centro Italiano Psicologia Analitica (sede Italia Meridionale), Società Dante Alighieri (Comitato di Treviso), Psicologia-Psicoterapia.it, e con il prof. Alfredo Anania (psicologia-dinamica.it).</p>
<p>&nbsp;</p>
<hr />
<h3>Iniziative culturali dai primi anni fino al riconoscimento ministeriale della Scuola di Psicoterapia ITP (2003)</h3>
<p><img class="aligncenter wp-image-4687" src="https://gitim.eu/it/wp-content/uploads/2023/12/foto-gitim-1985.jpg" alt="" width="600" height="370" srcset="https://www.gitim.eu/it/wp-content/uploads/2023/12/foto-gitim-1985-200x123.jpg 200w, https://www.gitim.eu/it/wp-content/uploads/2023/12/foto-gitim-1985-300x185.jpg 300w, https://www.gitim.eu/it/wp-content/uploads/2023/12/foto-gitim-1985-400x247.jpg 400w, https://www.gitim.eu/it/wp-content/uploads/2023/12/foto-gitim-1985-600x370.jpg 600w, https://www.gitim.eu/it/wp-content/uploads/2023/12/foto-gitim-1985-768x474.jpg 768w, https://www.gitim.eu/it/wp-content/uploads/2023/12/foto-gitim-1985-800x493.jpg 800w, https://www.gitim.eu/it/wp-content/uploads/2023/12/foto-gitim-1985.jpg 856w" sizes="(max-width: 600px) 100vw, 600px" /></p>
<ul>
<li>pubblicazione di opere e di numerosi articoli da parte di Leopoldo Rigo e di altri membri dell’associazione;</li>
<li>organizzazione e partecipazione a convegni SITIM;</li>
<li>organizzazione di incontri GITIM di studio sugli aspetti teorici e pratici dell’Imagerie Mentale;</li>
<li>organizzazione di vari convegni e seminari di studio, con docenti di Università italiane e francesi;</li>
<li>pubblicazione di atti di Seminari</li>
</ul>
<p>Le attività di ricerca sono state rivolte alla messa a punto del metodo ITP. I principali temi affrontati sono stati:</p>
<ul>
<li>la struttura dinamica della personalità attraverso la psicoterapia con il RED e con l’ITP;</li>
<li>il RED diagnostico e il Rorschach;</li>
<li>la psicoterapia dell’età evolutiva;</li>
<li>la psicoterapia dei borderline e delle psicosi latenti;</li>
<li>l’Imagerie di gruppo;</li>
<li>le tecniche derivate dell’ITP;</li>
<li>i rapporti tra psicologia e pedagogia;</li>
<li>l’Immagine del Corpo (storia dell’IdC: le sensazioni, la sensazione e il movimento; disturbi dell’IdC, sia in età evolutiva che in età adulta; IdC e psicoterapia con la tecnica ITP; IdC e tecniche esplorative della personalità, in particolare il Test di Rorschach);</li>
<li>l’Immaginario nella relazione madre-bambino (Immaginario materno e Immaginario infantile);</li>
<li>Immaginario e processi della Creazione (Immaginario nella produzione artistica; confronti tra processi della Creazione e Immaginario individuale);</li>
<li>Immaginario e ruoli familiari.</li>
</ul>
<p>Ulteriori dettagli sono reperibili nell’elenco delle <a href="https://gitim.eu/it/pubblicazioni"><strong>pubblicazioni</strong></a> e degli <a href="https://gitim.eu/it/eventi-corsi-e-seminari"><strong>eventi</strong></a>.</p>
<p>Il <strong>GITIM</strong> ha stabilito fin dalla sua fondazione rapporti internazionali con i gruppi del SITIM. Il <strong>GITIM</strong> ha partecipato al XIII Congresso Internazionale di Psicoterapia, tenutosi ad Opatijia (Slovenia), con un proprio Simposio “La Psicoterapia secondo l’ITP di Leopoldo Rigo” ed ha partecipato con contributi al Simposio “Psycotherapy, Imaginary and Anthropology”. Ha organizzato, inoltre, il VI Incontro Internazionale SITIM a Torino nel Giugno 1987.</p>
<p>Ha stabilito fin dal 1986 collegamenti con il CRIC (Centro di Ricerca su Immaginario e Creazione) presso l’Università di Chambery, Savoia, diretto da Jean Burgos, Docente di Lingua e Letteratura Francese e all’epoca Rettore. Tale collaborazione è stata perfezionata da una Convenzione nel Luglio del 1994, implicante un lavoro di ricerca, di organizzazione di seminari e pubblicazioni comuni. Tale collegamento si è concretizzato in vari seminari di studio organizzati dal GITIM. Tra gli argomenti trattati: “L’immaginario creativo”, “Lo spazio e l’immagine”, “L’immagine del corpo”, “Immaginario e colore”, “Storia dell’immagine del corpo”.</p>
<p>Sono stati stabiliti collegamenti con la Facoltà di Psicologia di Torino &#8211; Dipartimento di Psicologia dell’Età Evolutiva, con la docente prof. Tilde Giani Gallino. Sono stati organizzati seminari di studio con la partecipazione della suddetta docente.</p>
<p>Il <strong>GITIM</strong> ha inoltre realizzato collegamenti con la facoltà di Magistero dell’Università di Lecce, con il docente prof. Caggia. Co lui è stato organizzato a Torino un convegno unitario di Imagerie Mentale e Psicologia Imaginale; la dott.ssa Rigo ha tenuto conferenze sul metodo ITP presso l’Istituto di Psicologia Imaginale dell’Università di Lecce.</p>
<p style="text-align: justify; margin: 0cm 0cm 6.0pt 0cm;">
