{"id":4406,"date":"2023-07-06T18:01:02","date_gmt":"2023-07-06T16:01:02","guid":{"rendered":"https:\/\/gitim.eu\/it\/?page_id=4406"},"modified":"2023-10-04T17:43:05","modified_gmt":"2023-10-04T15:43:05","slug":"newsletter","status":"publish","type":"page","link":"https:\/\/www.gitim.eu\/it\/newsletter","title":{"rendered":"Newsletter"},"content":{"rendered":"<p><div class=\"fusion-fullwidth fullwidth-box fusion-builder-row-1 fusion-flex-container has-pattern-background has-mask-background nonhundred-percent-fullwidth non-hundred-percent-height-scrolling\" style=\"--awb-border-radius-top-left:0px;--awb-border-radius-top-right:0px;--awb-border-radius-bottom-right:0px;--awb-border-radius-bottom-left:0px;\" ><div class=\"fusion-builder-row fusion-row fusion-flex-align-items-flex-start\" style=\"max-width:1560px;margin-left: calc(-4% \/ 2 );margin-right: calc(-4% \/ 2 );\"><div class=\"fusion-layout-column fusion_builder_column fusion-builder-column-0 fusion_builder_column_1_1 1_1 fusion-flex-column\" style=\"--awb-bg-size:cover;--awb-width-large:100%;--awb-margin-top-large:10px;--awb-spacing-right-large:1.92%;--awb-margin-bottom-large:10px;--awb-spacing-left-large:1.92%;--awb-width-medium:100%;--awb-order-medium:0;--awb-spacing-right-medium:1.92%;--awb-spacing-left-medium:1.92%;--awb-width-small:100%;--awb-order-small:0;--awb-spacing-right-small:1.92%;--awb-spacing-left-small:1.92%;\"><div class=\"fusion-column-wrapper fusion-column-has-shadow fusion-flex-justify-content-flex-start fusion-content-layout-column\"><div class=\"fusion-recent-posts fusion-recent-posts-1 avada-container layout-date-on-side layout-columns-1\"><section class=\"fusion-columns columns fusion-columns-1 columns-1\"><article class=\"post fusion-column column col col-lg-12 col-md-12 col-sm-12\"><div class=\"fusion-date-and-formats\"><div class=\"fusion-date-box updated\"><span class=\"fusion-date\">20<\/span><span class=\"fusion-month-year\">Giugno<\/br> 2023<\/span><\/div><div class=\"fusion-format-box\"><i class=\"awb-icon-pen\" aria-hidden=\"true\"><\/i><\/div><\/div><div class=\"recent-posts-content\"><span class=\"vcard\" style=\"display: none;\"><span class=\"fn\"><a href=\"https:\/\/www.gitim.eu\/it\/author\/andrea\" title=\"Articoli scritti da Andrea Camatta\" rel=\"author\">Andrea Camatta<\/a><\/span><\/span><span class=\"updated\" style=\"display:none;\">2023-07-06T18:33:21+02:00<\/span><h4 class=\"entry-title\"><a href=\"https:\/\/www.gitim.eu\/it\/newsletter-n-4-seminario-guerra-e-pace-riflessioni-sullimmaginario.html\">NEWSLETTER N\u00b0 5 &#8211; Seminario &#8220;Guerra e pace. Riflessioni sull&#8217;Immaginario&#8221;<\/a><\/h4><p class=\"meta\"><span class=\"vcard\" style=\"display: none;\"><span class=\"fn\"><a href=\"https:\/\/www.gitim.eu\/it\/author\/andrea\" title=\"Articoli scritti da Andrea Camatta\" rel=\"author\">Andrea Camatta<\/a><\/span><\/span><span class=\"updated\" style=\"display:none;\">2023-07-06T18:33:21+02:00<\/span><\/p><p>Gentile Collega, con la presente desideriamo segnalarti il seminario\u00a0\"Guerra e Pace. Riflessioni sull'Immaginario\" Sono stati assegnati\u00a0crediti ECM Per maggiori informazioni clicca\u00a0qui Per iscriverti clicca\u00a0qui Ringraziando per l'attenzione ti porgiamo i nostri pi\u00f9 cordiali saluti. Segreteria Organizzativa<\/p><\/div><\/article><article class=\"post fusion-column column col col-lg-12 col-md-12 col-sm-12\"><div class=\"fusion-date-and-formats\"><div class=\"fusion-date-box updated\"><span class=\"fusion-date\">13<\/span><span class=\"fusion-month-year\">Febbraio<\/br> 2023<\/span><\/div><div class=\"fusion-format-box\"><i class=\"awb-icon-pen\" aria-hidden=\"true\"><\/i><\/div><\/div><div class=\"recent-posts-content\"><span class=\"vcard\" style=\"display: none;\"><span class=\"fn\"><a href=\"https:\/\/www.gitim.eu\/it\/author\/andrea\" title=\"Articoli scritti da Andrea Camatta\" rel=\"author\">Andrea Camatta<\/a><\/span><\/span><span class=\"updated\" style=\"display:none;\">2023-07-06T18:16:31+02:00<\/span><h4 class=\"entry-title\"><a href=\"https:\/\/www.gitim.eu\/it\/newsletter-n-10-presentazione-corso-biennale-itp.html\">NEWSLETTER N\u00b0 4 &#8211; Presentazione Corso Biennale ITP<\/a><\/h4><p class=\"meta\"><span class=\"vcard\" style=\"display: none;\"><span class=\"fn\"><a href=\"https:\/\/www.gitim.eu\/it\/author\/andrea\" title=\"Articoli scritti da Andrea Camatta\" rel=\"author\">Andrea Camatta<\/a><\/span><\/span><span class=\"updated\" style=\"display:none;\">2023-07-06T18:16:31+02:00<\/span><\/p><p>Gentile Collega, con la presente siamo ad invitarti all'incontro di presentazione del Corso biennale sulla Tecnica Immaginativa ITP, che si svolger\u00e0 gioved\u00ec 16 febbraio alle 20.30 in modalit\u00e0 videoconferenza interattiva ZOOM. L'incontro \u00e8 gratuito e non comporta nessun impegno da parte dei partecipanti, \u00e8 obbligatoria per\u00f2 l'iscrizione inviando mail a\u00a0info@gitim.it<a href=\"https:\/\/www.gitim.eu\/it\/newsletter-n-10-presentazione-corso-biennale-itp.html\"> [...]<\/a><\/p><\/div><\/article><article class=\"post fusion-column column col col-lg-12 col-md-12 col-sm-12\"><div class=\"fusion-date-and-formats\"><div class=\"fusion-date-box updated\"><span class=\"fusion-date\">20<\/span><span class=\"fusion-month-year\">Giugno<\/br> 2022<\/span><\/div><div class=\"fusion-format-box\"><i class=\"awb-icon-pen\" aria-hidden=\"true\"><\/i><\/div><\/div><div class=\"recent-posts-content\"><span class=\"vcard\" style=\"display: none;\"><span class=\"fn\"><a href=\"https:\/\/www.gitim.eu\/it\/author\/andrea\" title=\"Articoli scritti da Andrea Camatta\" rel=\"author\">Andrea Camatta<\/a><\/span><\/span><span class=\"updated\" style=\"display:none;\">2023-07-06T18:11:34+02:00<\/span><h4 class=\"entry-title\"><a href=\"https:\/\/www.gitim.eu\/it\/newsletter-n-3-open-day-30-giugno-2022.html\">NEWSLETTER N\u00b0 3 &#8211; Open Day 30 Giugno 2022<\/a><\/h4><p class=\"meta\"><span class=\"vcard\" style=\"display: none;\"><span class=\"fn\"><a href=\"https:\/\/www.gitim.eu\/it\/author\/andrea\" title=\"Articoli scritti da Andrea Camatta\" rel=\"author\">Andrea Camatta<\/a><\/span><\/span><span class=\"updated\" style=\"display:none;\">2023-07-06T18:11:34+02:00<\/span><\/p><p>Gentile Collega, con la presente siamo ad invitarti all'Open Day sulla Tecnica Immaginativa ITP e la Scuola di Psicoterapia ITP che si svolger\u00e0 gioved\u00ec 30 Giugno dalle 20.45 alle 22.00 in modalit\u00e0 videoconferenza interattiva ZOOM. L'incontro \u00e8 gratuito\u00a0e non comporta nessun impegno da parte dei partecipanti, \u00e8 obbligatoria per\u00f2\u00a0l'iscrizione\u00a0inviando la<a href=\"https:\/\/www.gitim.eu\/it\/newsletter-n-3-open-day-30-giugno-2022.html\"> [...]<\/a><\/p><\/div><\/article><\/section><div class=\"pagination clearfix\"><span class=\"current\">1<\/span><a href=\"https:\/\/www.gitim.eu\/it\/wp-json\/wp\/v2\/pages\/4406\/page\/2\" class=\"inactive\">2<\/a><a class=\"pagination-next\" rel=\"next\" href=\"https:\/\/www.gitim.eu\/it\/wp-json\/wp\/v2\/pages\/4406\/page\/2\"><span class=\"page-text\">Prossimo<\/span><span class=\"page-next\"><\/span><\/a><\/div><div class=\"fusion-clearfix\"><\/div><\/div><div class=\"fusion-separator fusion-full-width-sep\" style=\"align-self: center;margin-left: auto;margin-right: auto;width:100%;\"><\/div><\/div><\/div><\/div><\/div><div class=\"fusion-fullwidth fullwidth-box fusion-builder-row-2 has-pattern-background has-mask-background nonhundred-percent-fullwidth non-hundred-percent-height-scrolling\" style=\"--awb-border-radius-top-left:0px;--awb-border-radius-top-right:0px;--awb-border-radius-bottom-right:0px;--awb-border-radius-bottom-left:0px;--awb-padding-top:20px;--awb-padding-bottom:10px;--awb-background-color:#333c4e;\" ><div class=\"fusion-builder-row fusion-row\"><div class=\"fusion-layout-column fusion_builder_column fusion-builder-column-1 fusion_builder_column_1_1 1_1 fusion-one-full fusion-column-first fusion-column-last\" style=\"--awb-bg-size:cover;\"><div class=\"fusion-column-wrapper fusion-column-has-shadow fusion-flex-column-wrapper-legacy\"><div class=\"fusion-text fusion-text-1\"><h2 style=\"text-align: center;\"><span style=\"color: #ffffff;\"><strong>ISCRIZIONE ALLA NEWSLETTER<\/strong><\/span><\/h2>\n<\/div><div class=\"fusion-clearfix\"><\/div><\/div><\/div><div class=\"fusion-layout-column fusion_builder_column fusion-builder-column-2 fusion_builder_column_1_2 1_2 fusion-one-half fusion-column-first\" style=\"--awb-bg-size:cover;--awb-margin-top:3%;--awb-margin-bottom:3%;width:50%;width:calc(50% - ( ( 4% ) * 0.5 ) );margin-right: 4%;\"><div class=\"fusion-column-wrapper fusion-column-has-shadow fusion-flex-column-wrapper-legacy\"><div class=\"fusion-text fusion-text-2\"><h3 style=\"font-size: 22.5px; color: #ffffff; line-height: 31.5px; text-align: left;\" data-inline-fontsize=\"30px\" data-fontsize=\"30\" data-lineheight=\"42\"><span style=\"color: #000000;\"><span style=\"color: #ffffff;\">Volete essere sempre informati su corsi, eventi e tutte le attivit\u00e0 del Gitim?<\/span> <span style=\"color: #ff0000;\">Iscrivetevi alla\u00a0 Newsletter!<\/span><\/span><\/h3>\n<h3 style=\"font-size: 22.5px; color: #ffffff; line-height: 31.5px; text-align: left;\" data-inline-fontsize=\"30px\" data-fontsize=\"30\" data-lineheight=\"42\"><span style=\"color: #000000;\"><strong><span style=\"color: #ffffff;\">E riceverete nella vostra email\u00a0 tutti gli aggiornamenti in tempo reale delle nostre iniziative<\/span><br \/>\n<\/strong><\/span><\/h3>\n<\/div><div class=\"fusion-clearfix\"><\/div><\/div><\/div><div class=\"fusion-layout-column fusion_builder_column fusion-builder-column-3 fusion_builder_column_1_2 1_2 fusion-one-half fusion-column-last\" style=\"--awb-bg-size:cover;--awb-margin-top:3%;--awb-margin-bottom:3%;width:50%;width:calc(50% - ( ( 4% ) * 0.5 ) );\"><div class=\"fusion-column-wrapper fusion-column-has-shadow fusion-flex-column-wrapper-legacy\"><form accept-charset=\"UTF-8\" action=\"https:\/\/gitimtreviso.voxmail.it\/user\/register\" method=\"post\">\n<div class=\"form-item form-item-textfield\">\n <input class=\"newsletter-blu\" maxlength=\"255\" name=\"profile_name\" type=\"text\" value=\"\" placeholder=\"Nome\" \/>\n<\/div>\n<br \/>\n<div class=\"form-item form-item-textfield\">\n <input class=\"newsletter-blu\" maxlength=\"255\" name=\"profile_surname\" type=\"text\" value=\"\" placeholder=\"Cognome\" \/>\n<\/div>\n<br \/>\n<div class=\"form-item form-item-textfield\">\n <input class=\"newsletter-blu\" maxlength=\"255\" name=\"profile_professione\" type=\"text\" value=\"\" placeholder=\"Professione\" \/>\n<\/div>\n<br \/>\n<div class=\"form-item form-item-textfield\">\n <input class=\"newsletter-blu\" maxlength=\"64\" name=\"mail\" type=\"text\" value=\"\" placeholder=\"E-mail\" \/>\n<\/div>\n<div class=\"privacy_policy\" style=\"color: white;\">Leggi la <a style=\"color: white;\" href=\"https:\/\/gitim.eu\/it\/privacy-policy-newsletter\" target=\"_blank\" rel=\"noopener\"><u>privacy policy<\/u><\/a><\/div>\n<div class=\"form-item form-item-checkbox\" style=\"color: white;\"><input class=\"form-checkbox has-sibling-label\" name=\"privacy\" type=\"checkbox\" value=\"1\" \/><label class=\"option\" for=\"\">Accetto la privacy policy<\/label>\n<div class=\"description\">Acconsento al trattamento dei miei dati personali (Regolamento 2016\/679 - GDPR e d.lgs. n.196 del 30\/6\/2003)<\/div>\n<\/div>\n<span style=\"color: #fff;\"><input class=\"form-submit wpcf7-submit\" name=\"submit\" type=\"submit\" value=\"Iscriviti\" \/> <input name=\"form_id\" type=\"hidden\" value=\"user_register\" \/> <\/span><\/form><div class=\"fusion-clearfix\"><\/div><\/div><\/div><\/div><\/div><\/p>\n","protected":false},"excerpt":{"rendered":"","protected":false},"author":7,"featured_media":0,"parent":0,"menu_order":0,"comment_status":"closed","ping_status":"closed","template":"100-width.php","meta":[],"_links":{"self":[{"href":"https:\/\/www.gitim.eu\/it\/wp-json\/wp\/v2\/pages\/4406"}],"collection":[{"href":"https:\/\/www.gitim.eu\/it\/wp-json\/wp\/v2\/pages"}],"about":[{"href":"https:\/\/www.gitim.eu\/it\/wp-json\/wp\/v2\/types\/page"}],"author":[{"embeddable":true,"href":"https:\/\/www.gitim.eu\/it\/wp-json\/wp\/v2\/users\/7"}],"replies":[{"embeddable":true,"href":"https:\/\/www.gitim.eu\/it\/wp-json\/wp\/v2\/comments?post=4406"}],"version-history":[{"count":19,"href":"https:\/\/www.gitim.eu\/it\/wp-json\/wp\/v2\/pages\/4406\/revisions"}],"predecessor-version":[{"id":4556,"href":"https:\/\/www.gitim.eu\/it\/wp-json\/wp\/v2\/pages\/4406\/revisions\/4556"}],"wp:attachment":[{"href":"https:\/\/www.gitim.eu\/it\/wp-json\/wp\/v2\/media?parent=4406"}],"curies":[{"name":"wp","href":"https:\/\/api.w.org\/{rel}","templated":true}]}}

<p><div class="fusion-fullwidth fullwidth-box fusion-builder-row-1 fusion-flex-container has-pattern-background has-mask-background nonhundred-percent-fullwidth non-hundred-percent-height-scrolling" style="--awb-border-radius-top-left:0px;--awb-border-radius-top-right:0px;--awb-border-radius-bottom-right:0px;--awb-border-radius-bottom-left:0px;" ><div class="fusion-builder-row fusion-row fusion-flex-align-items-flex-start" style="max-width:1560px;margin-left: calc(-4% / 2 );margin-right: calc(-4% / 2 );"><div class="fusion-layout-column fusion_builder_column fusion-builder-column-0 fusion_builder_column_1_1 1_1 fusion-flex-column" style="--awb-bg-size:cover;--awb-width-large:100%;--awb-margin-top-large:10px;--awb-spacing-right-large:1.92%;--awb-margin-bottom-large:10px;--awb-spacing-left-large:1.92%;--awb-width-medium:100%;--awb-order-medium:0;--awb-spacing-right-medium:1.92%;--awb-spacing-left-medium:1.92%;--awb-width-small:100%;--awb-order-small:0;--awb-spacing-right-small:1.92%;--awb-spacing-left-small:1.92%;"><div class="fusion-column-wrapper fusion-column-has-shadow fusion-flex-justify-content-flex-start fusion-content-layout-column"><div class="fusion-recent-posts fusion-recent-posts-1 avada-container layout-date-on-side layout-columns-1"><section class="fusion-columns columns fusion-columns-1 columns-1"><article class="post fusion-column column col col-lg-12 col-md-12 col-sm-12"><div class="fusion-date-and-formats"><div class="fusion-date-box updated"><span class="fusion-date">20</span><span class="fusion-month-year">Giugno</br> 2023</span></div><div class="fusion-format-box"><i class="awb-icon-pen" aria-hidden="true"></i></div></div><div class="recent-posts-content"><span class="vcard" style="display: none;"><span class="fn"><a href="https://www.gitim.eu/it/author/andrea" title="Articoli scritti da Andrea Camatta" rel="author">Andrea Camatta</a></span></span><span class="updated" style="display:none;">2023-07-06T18:33:21+02:00</span><h4 class="entry-title"><a href="https://www.gitim.eu/it/newsletter-n-4-seminario-guerra-e-pace-riflessioni-sullimmaginario.html">NEWSLETTER N° 5 &#8211; Seminario &#8220;Guerra e pace. Riflessioni sull&#8217;Immaginario&#8221;</a></h4><p class="meta"><span class="vcard" style="display: none;"><span class="fn"><a href="https://www.gitim.eu/it/author/andrea" title="Articoli scritti da Andrea Camatta" rel="author">Andrea Camatta</a></span></span><span class="updated" style="display:none;">2023-07-06T18:33:21+02:00</span></p><p>Gentile Collega, con la presente desideriamo segnalarti il seminario "Guerra e Pace. Riflessioni sull'Immaginario" Sono stati assegnati crediti ECM Per maggiori informazioni clicca qui Per iscriverti clicca qui Ringraziando per l'attenzione ti porgiamo i nostri più cordiali saluti. Segreteria Organizzativa</p></div></article><article class="post fusion-column column col col-lg-12 col-md-12 col-sm-12"><div class="fusion-date-and-formats"><div class="fusion-date-box updated"><span class="fusion-date">13</span><span class="fusion-month-year">Febbraio</br> 2023</span></div><div class="fusion-format-box"><i class="awb-icon-pen" aria-hidden="true"></i></div></div><div class="recent-posts-content"><span class="vcard" style="display: none;"><span class="fn"><a href="https://www.gitim.eu/it/author/andrea" title="Articoli scritti da Andrea Camatta" rel="author">Andrea Camatta</a></span></span><span class="updated" style="display:none;">2023-07-06T18:16:31+02:00</span><h4 class="entry-title"><a href="https://www.gitim.eu/it/newsletter-n-10-presentazione-corso-biennale-itp.html">NEWSLETTER N° 4 &#8211; Presentazione Corso Biennale ITP</a></h4><p class="meta"><span class="vcard" style="display: none;"><span class="fn"><a href="https://www.gitim.eu/it/author/andrea" title="Articoli scritti da Andrea Camatta" rel="author">Andrea Camatta</a></span></span><span class="updated" style="display:none;">2023-07-06T18:16:31+02:00</span></p><p>Gentile Collega, con la presente siamo ad invitarti all'incontro di presentazione del Corso biennale sulla Tecnica Immaginativa ITP, che si svolgerà giovedì 16 febbraio alle 20.30 in modalità videoconferenza interattiva ZOOM. L'incontro è gratuito e non comporta nessun impegno da parte dei partecipanti, è obbligatoria però l'iscrizione inviando mail a info@gitim.it<a href="https://www.gitim.eu/it/newsletter-n-10-presentazione-corso-biennale-itp.html"> [...]</a></p></div></article><article class="post fusion-column column col col-lg-12 col-md-12 col-sm-12"><div class="fusion-date-and-formats"><div class="fusion-date-box updated"><span class="fusion-date">20</span><span class="fusion-month-year">Giugno</br> 2022</span></div><div class="fusion-format-box"><i class="awb-icon-pen" aria-hidden="true"></i></div></div><div class="recent-posts-content"><span class="vcard" style="display: none;"><span class="fn"><a href="https://www.gitim.eu/it/author/andrea" title="Articoli scritti da Andrea Camatta" rel="author">Andrea Camatta</a></span></span><span class="updated" style="display:none;">2023-07-06T18:11:34+02:00</span><h4 class="entry-title"><a href="https://www.gitim.eu/it/newsletter-n-3-open-day-30-giugno-2022.html">NEWSLETTER N° 3 &#8211; Open Day 30 Giugno 2022</a></h4><p class="meta"><span class="vcard" style="display: none;"><span class="fn"><a href="https://www.gitim.eu/it/author/andrea" title="Articoli scritti da Andrea Camatta" rel="author">Andrea Camatta</a></span></span><span class="updated" style="display:none;">2023-07-06T18:11:34+02:00</span></p><p>Gentile Collega, con la presente siamo ad invitarti all'Open Day sulla Tecnica Immaginativa ITP e la Scuola di Psicoterapia ITP che si svolgerà giovedì 30 Giugno dalle 20.45 alle 22.00 in modalità videoconferenza interattiva ZOOM. L'incontro è gratuito e non comporta nessun impegno da parte dei partecipanti, è obbligatoria però l'iscrizione inviando la<a href="https://www.gitim.eu/it/newsletter-n-3-open-day-30-giugno-2022.html"> [...]</a></p></div></article></section><div class="pagination clearfix"><span class="current">1</span><a href="https://www.gitim.eu/it/wp-json/wp/v2/pages/4406/page/2" class="inactive">2</a><a class="pagination-next" rel="next" href="https://www.gitim.eu/it/wp-json/wp/v2/pages/4406/page/2"><span class="page-text">Prossimo</span><span class="page-next"></span></a></div><div class="fusion-clearfix"></div></div><div class="fusion-separator fusion-full-width-sep" style="align-self: center;margin-left: auto;margin-right: auto;width:100%;"></div></div></div></div></div><div class="fusion-fullwidth fullwidth-box fusion-builder-row-2 has-pattern-background has-mask-background nonhundred-percent-fullwidth non-hundred-percent-height-scrolling" style="--awb-border-radius-top-left:0px;--awb-border-radius-top-right:0px;--awb-border-radius-bottom-right:0px;--awb-border-radius-bottom-left:0px;--awb-padding-top:20px;--awb-padding-bottom:10px;--awb-background-color:#333c4e;" ><div class="fusion-builder-row fusion-row"><div class="fusion-layout-column fusion_builder_column fusion-builder-column-1 fusion_builder_column_1_1 1_1 fusion-one-full fusion-column-first fusion-column-last" style="--awb-bg-size:cover;"><div class="fusion-column-wrapper fusion-column-has-shadow fusion-flex-column-wrapper-legacy"><div class="fusion-text fusion-text-1"><h2 style="text-align: center;"><span style="color: #ffffff;"><strong>ISCRIZIONE ALLA NEWSLETTER</strong></span></h2>
</div><div class="fusion-clearfix"></div></div></div><div class="fusion-layout-column fusion_builder_column fusion-builder-column-2 fusion_builder_column_1_2 1_2 fusion-one-half fusion-column-first" style="--awb-bg-size:cover;--awb-margin-top:3%;--awb-margin-bottom:3%;width:50%;width:calc(50% - ( ( 4% ) * 0.5 ) );margin-right: 4%;"><div class="fusion-column-wrapper fusion-column-has-shadow fusion-flex-column-wrapper-legacy"><div class="fusion-text fusion-text-2"><h3 style="font-size: 22.5px; color: #ffffff; line-height: 31.5px; text-align: left;" data-inline-fontsize="30px" data-fontsize="30" data-lineheight="42"><span style="color: #000000;"><span style="color: #ffffff;">Volete essere sempre informati su corsi, eventi e tutte le attività del Gitim?</span> <span style="color: #ff0000;">Iscrivetevi alla  Newsletter!</span></span></h3>
<h3 style="font-size: 22.5px; color: #ffffff; line-height: 31.5px; text-align: left;" data-inline-fontsize="30px" data-fontsize="30" data-lineheight="42"><span style="color: #000000;"><strong><span style="color: #ffffff;">E riceverete nella vostra email  tutti gli aggiornamenti in tempo reale delle nostre iniziative</span><br />
</strong></span></h3>
</div><div class="fusion-clearfix"></div></div></div><div class="fusion-layout-column fusion_builder_column fusion-builder-column-3 fusion_builder_column_1_2 1_2 fusion-one-half fusion-column-last" style="--awb-bg-size:cover;--awb-margin-top:3%;--awb-margin-bottom:3%;width:50%;width:calc(50% - ( ( 4% ) * 0.5 ) );"><div class="fusion-column-wrapper fusion-column-has-shadow fusion-flex-column-wrapper-legacy"><form accept-charset="UTF-8" action="https://gitimtreviso.voxmail.it/user/register" method="post">
<div class="form-item form-item-textfield">
 <input class="newsletter-blu" maxlength="255" name="profile_name" type="text" value="" placeholder="Nome" />
</div>
<br />
<div class="form-item form-item-textfield">
 <input class="newsletter-blu" maxlength="255" name="profile_surname" type="text" value="" placeholder="Cognome" />
</div>
<br />
<div class="form-item form-item-textfield">
 <input class="newsletter-blu" maxlength="255" name="profile_professione" type="text" value="" placeholder="Professione" />
</div>
<br />
<div class="form-item form-item-textfield">
 <input class="newsletter-blu" maxlength="64" name="mail" type="text" value="" placeholder="E-mail" />
</div>
<div class="privacy_policy" style="color: white;">Leggi la <a style="color: white;" href="https://gitim.eu/it/privacy-policy-newsletter" target="_blank" rel="noopener"><u>privacy policy</u></a></div>
<div class="form-item form-item-checkbox" style="color: white;"><input class="form-checkbox has-sibling-label" name="privacy" type="checkbox" value="1" /><label class="option" for="">Accetto la privacy policy</label>
<div class="description">Acconsento al trattamento dei miei dati personali (Regolamento 2016/679 - GDPR e d.lgs. n.196 del 30/6/2003)</div>
</div>
<span style="color: #fff;"><input class="form-submit wpcf7-submit" name="submit" type="submit" value="Iscriviti" /> <input name="form_id" type="hidden" value="user_register" /> </span></form><div class="fusion-clearfix"></div></div></div></div></div></p>
